{"id":79,"date":"2020-03-30T16:45:21","date_gmt":"2020-03-30T14:45:21","guid":{"rendered":"http:\/\/exekutorsnv.sk\/?page_id=79"},"modified":"2024-12-10T08:53:27","modified_gmt":"2024-12-10T07:53:27","slug":"upozornenie","status":"publish","type":"page","link":"https:\/\/exekutorsnv.sk\/","title":{"rendered":"SLOVENSK\u00c1 KOMORA EXEK\u00daTOROV UPOZOR\u0147UJE OB\u010cANOV, \u017dE EXEK\u00daCIE SA NEPRERU\u0160UJ\u00da"},"content":{"rendered":"<!--themify_builder_content-->\n<div id=\"themify_builder_content-79\" data-postid=\"79\" class=\"themify_builder_content themify_builder_content-79 themify_builder tf_clear\">\n                    <div data-lazy=\"1\" class=\"module_row themify_builder_row tb_4xdo393 tb_first tf_w\">\n                        <div class=\"row_inner col_align_top tb_col_count_1 tf_box tf_rel\">\n                        <div data-lazy=\"1\" class=\"module_column tb-column col-full tb_54ou393 first\">\n                    <!-- module text -->\n<div class=\"module module-text tb_66in323   \" data-lazy=\"1\">\n        <div class=\"tb_text_wrap\">\n        <p style=\"text-align: justify;\">Slo\u00adven\u00adsk\u00e1 komo\u00adra exe\u00adk\u00fa\u00adto\u00adrov upo\u00adzor\u00ad\u0148u\u00adje ob\u010da\u00adnov, \u017ee v&nbsp;s\u00favis\u00adlos\u00adti s&nbsp;opat\u00adre\u00adnia\u00admi pro\u00adti \u0161\u00edre\u00adniu&nbsp;koro\u00adna\u00adv\u00ed\u00adru\u00adsu sa exe\u00adk\u00fa\u00adcie nepre\u00adru\u00ad\u0161u\u00adj\u00fa. V\u0161et\u00adky povin\u00adnos\u00adti dl\u017e\u00adn\u00ed\u00adkov i&nbsp;veri\u00adte\u00ad\u013eov ost\u00e1\u00adva\u00adj\u00fa&nbsp;zacho\u00adva\u00adn\u00e9, s&nbsp;v\u00fdnim\u00adkou pre\u00adru\u00ad\u0161e\u00adnia ply\u00adnu\u00adtia nie\u00adkto\u00adr\u00fdch z\u00e1ko\u00adnom sta\u00adno\u00adve\u00adn\u00fdch leh\u00f4t do 30.&nbsp;apr\u00ed\u00adla.&nbsp;<em>\u201eV m\u00e9di\u00e1ch i&nbsp;na soci\u00e1l\u00adnych sie\u00ad\u0165ach sa obja\u00advu\u00adje mno\u017e\u00adstvo dez\u00adin\u00adfor\u00adm\u00e1\u00adci\u00ed, \u017ee medzi&nbsp;opat\u00adre\u00adnia\u00admi pri\u00adja\u00adt\u00fd\u00admi N\u00e1rod\u00adnou radou Slo\u00adven\u00adskej repub\u00adli\u00adky je aj pre\u00adru\u00ad\u0161e\u00adnie exe\u00adk\u00fa\u00adci\u00ed. Nie je&nbsp;to prav\u00adda, exe\u00adk\u00fa\u00adcie sa nepre\u00adru\u00ad\u0161u\u00adj\u00fa,\u201c<\/em> upo\u00adzor\u00adnil pre\u00adzi\u00addent Slo\u00adven\u00adskej komo\u00adry exe\u00adk\u00fa\u00adto\u00adrov&nbsp;Miro\u00adslav Paller.<\/p>\n<p style=\"text-align: justify;\">N\u00e1rod\u00adn\u00e1 rada Slo\u00adven\u00adskej repub\u00adli\u00adky schv\u00e1\u00adli\u00adla 25. mar\u00adca Z\u00e1kon o&nbsp;nie\u00adkto\u00adr\u00fdch mimo\u00adriad\u00adnych&nbsp;opat\u00adre\u00adniach v&nbsp;s\u00favis\u00adlos\u00adti so \u0161\u00edre\u00adn\u00edm nebez\u00adpe\u010d\u00adnej n\u00e1kaz\u00adli\u00advej \u013eud\u00adskej cho\u00adro\u00adby Covid-19 v&nbsp;jus\u00adt\u00ed\u00adcii.&nbsp;Neza\u00adsta\u00advu\u00adje v\u0161ak exe\u00adk\u00fa\u00adcie. Od jeho \u00fa\u010din\u00adnos\u00adti sa iba pre\u00adru\u00ad\u0161\u00ed ply\u00adnu\u00adtie nie\u00adkto\u00adr\u00fdch leh\u00f4t&nbsp;v&nbsp;exe\u00adku\u010d\u00adnom pro\u00adce\u00adse do 30. apr\u00ed\u00adla. Ide o&nbsp;lehoty:<\/p>\n<ul style=\"list-style-type: square;\">\n<li>na poda\u00adnie n\u00e1mie\u00adtok pro\u00adti exe\u00adk\u00fa\u00adci\u00ed, za\u010da\u00adtej pred 31. mar\u00adcom&nbsp;2017,<\/li>\n<li>na poda\u00adnie n\u00e1vrhu na zasta\u00adve\u00adnie exe\u00adk\u00fa\u00adcie, za\u010da\u00adtej po 1. apr\u00ed\u00adli&nbsp;2017<\/li>\n<li>na poda\u00adnie n\u00e1mie\u00adtok pro\u00adti upo\u00adve\u00addo\u00adme\u00adniu o&nbsp;zasta\u00adve\u00adn\u00ed sta\u00adrej exek\u00facie<\/li>\n<li>na poda\u00adnie op\u00e4\u00adtov\u00adn\u00e9\u00adho n\u00e1vrhu na vyko\u00adna\u00adnie exe\u00adk\u00fa\u00adcie pre veri\u00adte\u00ad\u013ea v&nbsp;pr\u00ed\u00adpa\u00adde&nbsp;<span style=\"font-size: 14px;\">zasta\u00adve\u00adnia sta\u00adrej exek\u00facie<\/span><\/li>\n<\/ul>\n<p style=\"text-align: justify;\"><em>\u201ePly\u00adnu\u00adtie v\u0161et\u00adk\u00fdch leh\u00f4t v&nbsp;uve\u00adde\u00adn\u00fdch pr\u00ed\u00adpa\u00addoch, kto\u00adr\u00e9 sa za\u010da\u00adli pred d\u0148om \u00fa\u010din\u00adnos\u00adti nov\u00e9\u00adho&nbsp;z\u00e1ko\u00adna, sa a\u017e do 30. apr\u00ed\u00adla pre\u00adru\u00ad\u0161\u00ed. Od prv\u00e9\u00adho m\u00e1ja za\u010dn\u00fa tie\u00adto leho\u00adty op\u00e4\u0165 ply\u00adn\u00fa\u0165, a&nbsp;to t\u00fdm&nbsp;d\u0148om, v&nbsp;kto\u00adrom boli v&nbsp;de\u0148 \u00fa\u010din\u00adnos\u00adti z\u00e1ko\u00adna. Ak teda nie\u00adko\u00admu uply\u00adnu\u00adlo ku d\u0148u \u00fa\u010din\u00adnos\u00adti&nbsp;napr\u00ed\u00adklad p\u00e4\u0165 dn\u00ed z&nbsp;leho\u00adty na poda\u00adnie n\u00e1mie\u00adtok pro\u00adti exe\u00adk\u00fa\u00adcii, 1. m\u00e1ja za\u010dne op\u00e4\u0165 ply\u00adn\u00fa\u0165&nbsp;leho\u00adta svo\u00adj\u00edm \u0161ies\u00adtym d\u0148om a&nbsp;skon\u00ad\u010d\u00ed sa 10. m\u00e1ja,\u201c<\/em> uvie\u00addol pre\u00adzi\u00addent Slo\u00adven\u00adskej komo\u00adry&nbsp;exe\u00adk\u00fa\u00adto\u00adrov Miro\u00adslav Paller.<\/p>\n<p style=\"text-align: justify;\">Z\u00e1ro\u00adve\u0148 je pod\u00ad\u013ea nov\u00e9\u00adho z\u00e1ko\u00adna exe\u00adk\u00fa\u00adtor povin\u00adn\u00fd do 30. apr\u00ed\u00adla upus\u00adti\u0165 od vyko\u00adna\u00adnia&nbsp;akej\u00adko\u013e\u00advek dra\u017e\u00adby majet\u00adku, teda nehnu\u00adte\u013e\u00adnos\u00adt\u00ed, hnu\u00adte\u013e\u00adn\u00fdch vec\u00ed \u010di obchod\u00adn\u00fdch podie\u00adlov.&nbsp;Exe\u00adk\u00fa\u00adto\u00adri z\u00e1ro\u00adve\u0148 do 30. apr\u00ed\u00adla nesm\u00fa vyko\u00adna\u0165 exe\u00adk\u00fa\u00adciu pre\u00adda\u00adjom nehnu\u00adte\u013e\u00adnos\u00adti ani&nbsp;vyko\u00adna\u0165 \u017eiad\u00adne \u00fako\u00adny sme\u00adru\u00adj\u00fa\u00adce k&nbsp;dra\u017e\u00adbe nehnu\u00adte\u013e\u00adnos\u00adti.&nbsp;Exe\u00adk\u00fa\u00adtor\u00adsk\u00e9 \u00fara\u00addy si na\u010fa\u00adlej plnia v\u0161et\u00adky svo\u00adje povin\u00adnos\u00adti, pre verej\u00adnos\u0165 s\u00fa v\u0161ak&nbsp;spr\u00ed\u00adstup\u00adne\u00adn\u00e9 v&nbsp;obme\u00addze\u00adnom re\u017ei\u00adme.<em> \u201ePo pred\u00adch\u00e1\u00addza\u00adj\u00fa\u00adcej tele\u00adfo\u00adnic\u00adkej ale\u00adbo e\u2011mailovej&nbsp;doho\u00adde pr\u00edj\u00adme exe\u00adk\u00fa\u00adtor\u00adsk\u00fd \u00farad ob\u010da\u00adna iba v&nbsp;nevy\u00adhnut\u00adn\u00fdch pr\u00ed\u00adpa\u00addoch, kto\u00adr\u00e9 nezne\u00ads\u00fa&nbsp;odklad a&nbsp;neda\u00adj\u00fa sa vyba\u00advi\u0165 inou for\u00admou. Pod\u00admien\u00adkou je pr\u00ed\u00adsne dodr\u00ad\u017ea\u00adnia hygie\u00adnic\u00adk\u00fdch&nbsp;pra\u00advi\u00addiel: ob\u010dan i&nbsp;zamest\u00adna\u00adnec \u00fara\u00addu s\u00fa povin\u00adn\u00ed chr\u00e1\u00adni\u0165 si tv\u00e1\u00adre r\u00fa\u0161\u00adkom, ruky jed\u00adno\u00adra\u00adzo\u00adv\u00fd\u00admi&nbsp;ruka\u00advi\u00adca\u00admi a&nbsp;exe\u00adk\u00fa\u00adtor\u00adsk\u00fd \u00farad vyko\u00adn\u00e1 po n\u00e1v\u00ad\u0161te\u00adve dez\u00adin\u00adfek\u00adciu pries\u00adto\u00adrov,\u201c<\/em> uvie\u00addol Miro\u00adslav&nbsp;Paller.<\/p>\n<p style=\"text-align: justify;\">Slo\u00adven\u00adsk\u00e1 komo\u00adra exe\u00adk\u00fa\u00adto\u00adrov e\u0161te pred schv\u00e1\u00adle\u00adn\u00edm z\u00e1ko\u00adna odpo\u00adru\u00ad\u010di\u00adla s\u00fad\u00adnym exe\u00adk\u00fa\u00adto\u00adrom&nbsp;poza\u00adsta\u00advi\u0165 do\u010das\u00adne kona\u00adnia dra\u00ad\u017eieb i&nbsp;vypra\u00adt\u00e1\u00adva\u00adnie nehnu\u00adte\u013e\u00adnos\u00adt\u00ed. \u010ealej im odpo\u00adru\u00ad\u010di\u00adla&nbsp;nevy\u00adko\u00adn\u00e1\u00adva\u0165 v&nbsp;s\u00fa\u010das\u00adnos\u00adti s\u00fapi\u00adsy a&nbsp;zais\u00adte\u00adnia hnu\u00adte\u013e\u00adn\u00fdch vec\u00ed, a&nbsp;nedo\u00adru\u00ad\u010do\u00adva\u0165 p\u00edsom\u00adnos\u00adti&nbsp;osob\u00adne.&nbsp;Exe\u00adk\u00fa\u00adto\u00adrov je na\u010fa\u00adlej mo\u017e\u00adn\u00e9 kon\u00adtak\u00adto\u00adva\u0165 tele\u00adfo\u00adnic\u00adky \u010di elek\u00adtro\u00adnic\u00adky. Pri\u00adja\u00adt\u00e9 opat\u00adre\u00adnia&nbsp;okrem spo\u00adme\u00adnu\u00adt\u00e9\u00adho pre\u00adru\u00ad\u0161e\u00adnia leh\u00f4t, poza\u00adsta\u00adve\u00adnia dra\u00ad\u017eieb a&nbsp;pre\u00adda\u00adjov nehnu\u00adte\u013e\u00adnos\u00adt\u00ed do 30.&nbsp;apr\u00ed\u00adla nija\u00adko neme\u00adnia z\u00e1kon\u00adn\u00e9 pr\u00e1\u00adva a&nbsp;povin\u00adnos\u00adti dl\u017e\u00adn\u00ed\u00adkov ani veri\u00adte\u00ad\u013eov. Pri plne\u00adn\u00ed si&nbsp;finan\u010d\u00adn\u00fdch povin\u00adnos\u00adt\u00ed odpo\u00adr\u00fa\u00ad\u010da komo\u00adra dl\u017e\u00adn\u00ed\u00adkom vyu\u017ei\u0165 bez\u00adho\u00adto\u00advost\u00adn\u00fd pla\u00adtob\u00adn\u00fd styk.<br>Zoznam s\u00fad\u00adnych exe\u00adk\u00fa\u00adto\u00adrov, vr\u00e1\u00adta\u00adne kon\u00adtak\u00adtov na nich, n\u00e1j\u00addu ob\u010da\u00adnia na str\u00e1n\u00adke&nbsp;<a href=\"http:\/\/www.ske.sk\" target=\"_blank\" rel=\"noopener noreferrer\">www.ske.sk<\/a>.<\/p>    <\/div>\n<\/div>\n<!-- \/module text -->        <\/div>\n                        <\/div>\n        <\/div>\n        <\/div>\n<!--\/themify_builder_content-->","protected":false},"excerpt":{"rendered":"<p>Slo\u00adven\u00adsk\u00e1 komo\u00adra exe\u00adk\u00fa\u00adto\u00adrov upo\u00adzor\u00ad\u0148u\u00adje ob\u010da\u00adnov, \u017ee v&nbsp;s\u00favis\u00adlos\u00adti s&nbsp;opat\u00adre\u00adnia\u00admi pro\u00adti \u0161\u00edre\u00adniu&nbsp;koro\u00adna\u00adv\u00ed\u00adru\u00adsu sa exe\u00adk\u00fa\u00adcie nepre\u00adru\u00ad\u0161u\u00adj\u00fa. V\u0161et\u00adky povin\u00adnos\u00adti dl\u017e\u00adn\u00ed\u00adkov i&nbsp;veri\u00adte\u00ad\u013eov ost\u00e1\u00adva\u00adj\u00fa&nbsp;zacho\u00adva\u00adn\u00e9, s&nbsp;v\u00fdnim\u00adkou pre\u00adru\u00ad\u0161e\u00adnia ply\u00adnu\u00adtia nie\u00adkto\u00adr\u00fdch z\u00e1ko\u00adnom sta\u00adno\u00adve\u00adn\u00fdch leh\u00f4t do 30.&nbsp;apr\u00ed\u00adla.&nbsp;\u201eV m\u00e9di\u00e1ch i&nbsp;na soci\u00e1l\u00adnych sie\u00ad\u0165ach sa obja\u00advu\u00adje mno\u017e\u00adstvo dez\u00adin\u00adfor\u00adm\u00e1\u00adci\u00ed, \u017ee medzi&nbsp;opat\u00adre\u00adnia\u00admi pri\u00adja\u00adt\u00fd\u00admi N\u00e1rod\u00adnou radou Slo\u00adven\u00adskej repub\u00adli\u00adky je aj pre\u00adru\u00ad\u0161e\u00adnie exe\u00adk\u00fa\u00adci\u00ed. Nie je&nbsp;to prav\u00adda, exe\u00adk\u00fa\u00adcie sa nepre\u00adru\u00ad\u0161u\u00adj\u00fa,\u201c upo\u00adzor\u00adnil pre\u00adzi\u00addent Slovenskej&nbsp;[\u2026]<\/p>\n","protected":false},"author":1,"featured_media":32,"parent":0,"menu_order":0,"comment_status":"closed","ping_status":"closed","template":"","meta":{"wp_typography_post_enhancements_disabled":false,"footnotes":""},"class_list":["post-79","page","type-page","status-publish","has-post-thumbnail","hentry","has-post-title","has-post-date","has-post-category","has-post-tag","has-post-comment","has-post-author",""],"_links":{"self":[{"href":"https:\/\/exekutorsnv.sk\/index.php\/wp-json\/wp\/v2\/pages\/79","targetHints":{"allow":["GET"]}}],"collection":[{"href":"https:\/\/exekutorsnv.sk\/index.php\/wp-json\/wp\/v2\/pages"}],"about":[{"href":"https:\/\/exekutorsnv.sk\/index.php\/wp-json\/wp\/v2\/types\/page"}],"author":[{"embeddable":true,"href":"https:\/\/exekutorsnv.sk\/index.php\/wp-json\/wp\/v2\/users\/1"}],"replies":[{"embeddable":true,"href":"https:\/\/exekutorsnv.sk\/index.php\/wp-json\/wp\/v2\/comments?post=79"}],"version-history":[{"count":5,"href":"https:\/\/exekutorsnv.sk\/index.php\/wp-json\/wp\/v2\/pages\/79\/revisions"}],"predecessor-version":[{"id":460,"href":"https:\/\/exekutorsnv.sk\/index.php\/wp-json\/wp\/v2\/pages\/79\/revisions\/460"}],"wp:featuredmedia":[{"embeddable":true,"href":"https:\/\/exekutorsnv.sk\/index.php\/wp-json\/wp\/v2\/media\/32"}],"wp:attachment":[{"href":"https:\/\/exekutorsnv.sk\/index.php\/wp-json\/wp\/v2\/media?parent=79"}],"curies":[{"name":"wp","href":"https:\/\/api.w.org\/{rel}","templated":true}]}}